= -k**2 - k + 6. Let b = 20 - 25. Calculate g(b).
-14
Let c(l) = l - 2. Let j(d) = 3*d - 6. Let n(h) = -11*c(h) + 4*j(h). Calculate n(6).
4
Let n(o) be the third derivative of -o**5/30 - o**4/4 - 5*o**3/6 + 6*o**2 - 2. Let a be (-11)/3 + 1/(-3). Give n(a).
-13
Let x(k) = -2*k**2 - k + 1. Let z be 64/(-30) - 18/(-135). Determine x(z).
-5
Suppose 1 - 7 = 2*s, 5*q = 5*s. Let v(w) = -w**2 - 3*w + 4. What is v(q)?
4
Let p be (0 - -2) + 0 + -5. Let d(j) = 53 - 26 - j**3 - 2*j - 26 - 4*j**2. Calculate d(p).
-2
Suppose -x + 27 = 2*x - 5*p, 4*p + 28 = 4*x. Let l(j) be the second derivative of 0 - 1/10*j**5 - 2*j + j**2 - 2/3*j**3 + 1/3*j**x. What is l(2)?
-6
Let x(n) = n**2 + 3*n + 1. Let y = 7 + -4. Suppose y = l + 2. Suppose -3*c - 13 = -l. Determine x(c).
5
Let j(a) = -5*a**3 + 2*a**2 + 2*a + 1. Let g = -5 - -4. Let m be j(g). Let r(l) = -l**2 + 4*l + 4. Give r(m).
-8
Let g(i) = -1 + 10*i + i**2 - 16*i + 0*i**2. What is g(7)?
6
Let f(y) = -y - 2. Let c be f(4). Let t(x) = -2*x**3 - 5 + 6*x**2 + 5*x**3 - 2*x**3. What is t(c)?
-5
Suppose -3*w + 3 = 75. Let c = w - -31. Let l(o) = -o**3 + 7*o**2 - 4. Give l(c).
-4
Let q(v) be the second derivative of -v**4/12 - 7*v**3/6 - v**2/2 + 28*v. Let g = 5 + -10. Calculate q(g).
9
Let z(p) = 0 - p - 3 + 5 - 4. Calculate z(4).
-6
Let j = -11 - -7. Suppose 3*p = -p + 8. Let v(i) = -4 - 3*i + p - 4. Give v(j).
6
Suppose -5*p + 30 = -2*p. Let g be p/3 - 3/9. Let b(y) = 3*y**2 - y - 3. Let r(x) = -4*x**2 + 2*x + 3. Let z(u) = g*b(u) + 2*r(u). Calculate z(-3).
3
Let l(r) be the first derivative of -2/3*r**3 + 0*r + 1/12*r**4 - 2 + r**2. Let t(w) be the second derivative of l(w). Calculate t(4).
4
Let f = -74 + 79. Let d(n) = -n + 2. Determine d(f).
-3
Let m be (-3)/(-2)*(-8)/12. Let w be (0 - 0)/(m + 2). Let k(z) = -1 - 4*z**2 + w + 3*z + 2*z**3 - z**3. Give k(3).
-1
Let f(q) = q**3 + 7*q**2 + q + 7. Let l be f(-7). Let v(b) = 7 + b - 2*b + l + 0. Calculate v(3).
4
Suppose -8 = -5*k - 38. Let s(n) = -n**3 - 7*n**2 - 5*n. Let o be s(k). Let h(i) = -i - 2. What is h(o)?
4
Let q(w) = -7*w - 4 + 2 - 1. What is q(-3)?
18
Let t(d) = 15 - 3*d + 6*d - 14. Determine t(5).
16
Suppose 3 = -6*b - 9. Let g(x) = 3*x + 3. Calculate g(b).
-3
Let l(p) = -p**2 + 9*p + 4. Let y be l(9). Suppose 8*f = y*f. Let k(c) = c**3 - c - 11. Give k(f).
-11
Let t(r) = 2*r - 4 + r + 0*r + 2. Determine t(3).
7
Let j(h) be the first derivative of 2 + 0*h + 0*h**2 + 2/3*h**3. Calculate j(2).
8
Suppose 5*n - 25 = -5*o, 4*n + 2*o = o + 5. Let k(a) = -19 + 1 + n*a**2 + a - a**2 + 2. What is k(0)?
-16
Suppose 32 = -5*z + 4*o, 22 - 7 = 5*o. Let j = -2 - z. Let r(q) = 2*q**2 + 2*q - 3. Let d(k) = -k + 1. Let x(h) = 5*d(h) + r(h). Calculate x(j).
4
Suppose 2*i + 1 = -1. Let z be -1 + i - (-1 - 1). Let v(g) = g**2 + 0*g**3 - g - g**3 + 0*g**3 + z*g**2. Determine v(0).
0
Let t(r) be the first derivative of -r**2 + r - 3. Give t(-2).
5
Let s = 8 - 6. Suppose 5*o + s*l = -13, -3*o + 1 = -2*l + l. Let r(z) = -4*z**3 + z**2 - 1. Calculate r(o).
4
Let s(q) = -q + 8. Let d(j) = 4*j**2 - j - 1. Let k be d(3). Suppose -3*y + 7*y = -4*b + k, 5*b - 19 = 2*y. What is s(b)?
3
Let v(i) = 6*i - i + 5 + 2*i**2 - 3*i**2. Let x be v(6). Let w(y) = -2*y**3 - 2*y**2 - y. Calculate w(x).
1
Let r(l) = -l - 1. Suppose 3*n - 2*o = 19, o + 3 = -4*n - 2*o. Determine r(n).
-4
Let g(v) = -v**2 + 313 + 0*v**2 - 323 + 10*v. What is g(8)?
6
Let o = -1 - 3. Let w(h) be the first derivative of -h**2/2 + 3. What is w(o)?
4
Suppose -3*p = -3*i - 2*i - 13, 0 = 4*i + 4*p + 36. Let n = i - -5. Suppose -3*v - 12 = z, -4*z + v + 17 = -n*z. Let d(c) = c - 4. Determine d(z).
-1
Let w be (-2)/(-2) - (-3 + 4). Suppose 18 = -3*x - w*x. Let s(o) = 2*o + 3. Give s(x).
-9
Let b(y) = 6*y**2 + 6*y - y**3 - 5*y - 3*y**2. Suppose 3*s = 3*o + 21, o = -5*s - 4*o + 5. Calculate b(s).
-12
Let x be (-2 + 10)/(4 - 3). Let t(h) = -h - 5 + 2*h + x. What is t(-5)?
-2
Let y(z) be the third derivative of -z**6/120 - z**5/20 + z**4/12 - 5*z**3/6 - 9*z**2. Calculate y(-4).
3
Let j(f) = -f**2 + 4*f + 1. Suppose 3*s - 5 = 2*s. Suppose 8*a - 3*a - 2*l = 16, 5 = -5*a - s*l. Give j(a).
5
Let c(q) be the third derivative of q**4/12 + q**3/6 + q**2. Give c(1).
3
Let t be 1/1*(-2 + 4 + 3). Let a(m) = -m + 7. Give a(t).
2
Let t(h) = h**3 - 7*h**2 + 5*h - 3. Suppose 2*r - 2*z = z + 3, 0 = -5*r - 2*z + 36. What is t(r)?
-9
Let y be ((-2)/(-3))/((-12)/(-54)). Suppose 5*x + 6 = 3*o, x = y*o - 2*x - 6. Let j(u) = 3 - 2*u**3 + 2*u - 4*u + 0*u**3 + 3*u**o. Calculate j(2).
-5
Let j(h) = 2*h + 10. Let m(g) = 3*g + 19. Let t(s) = -5*j(s) + 3*m(s). Calculate t(-7).
14
Let f(h) = -h**3 + 2*h**2 + 5*h - 6. Let q(d) = -d**3 + d**2 + 4*d - 6. Let y(u) = 4*u**2 + u - 2. Let k be y(1). Let t(p) = k*q(p) - 4*f(p). What is t(6)?
-6
Let v(m) = -m - 8. Let k be v(-6). Let d be ((-2)/3)/(2/(-12)). Let q(r) = -d*r - 2*r + 4*r. Give q(k).
4
Let x(j) = j**3 + 3*j**2 - 2*j + 8*j**2 - 2 + 7*j - 4*j**2. Calculate x(-6).
4
Let b = 14 + -8. Let i(y) = -y**3 + 6*y**2 - y + 2. What is i(b)?
-4
Let a = -2 - -5. Let g(r) = 2*r + 1 - 2*r - r. Give g(a).
-2
Let c(z) = 3*z - 24. Let m(b) = -5*b + 46. Let h(p) = 11*c(p) + 6*m(p). What is h(-8)?
-12
Let y(x) = 1 + 4*x + 0 + 0*x. Let a = -16 - -17. Give y(a).
5
Let a(c) = -2*c**2 - 6*c + 3. Let v(s) = -s**2 - 5*s + 4. Let y(i) = -2*a(i) + 3*v(i). Calculate y(4).
10
Let m = 4 + -6. Let h(p) = -5 + 2 + 2 - 3*p. Give h(m).
5
Let i(l) = -5*l**2 - 2*l + 1. Let v(o) = o + 1. Let j be v(0). Suppose -3*g + 3*k - 9 = 0, -5*g + k + 2 = j. Calculate i(g).
-6
Let y(n) = -30*n**3 + 1 + 20*n**3 + 17*n**3. Suppose 2*i + 3*f + 3 + 2 = 0, -9 = -3*i + f. Let o = i - 1. Give y(o).
8
Let n(f) = f - 11. Let v be (-15)/(5/(-1)) + 1*2. What is n(v)?
-6
Let b(h) = -4*h - h**2 - 4*h + 5*h + 4. Suppose -4*k - 35 = 5*x, -k + x = 3*x + 11. Give b(k).
-6
Let b(q) be the second derivative of -q**5/20 + q**4/4 - q**3/6 + q**2/2 + 41*q. Give b(4).
-19
Let l(o) = -6*o - 4. Let u(c) = -7*c - 5. Let w(z) = -5*l(z) + 4*u(z). What is w(1)?
2
Let p be 0/2 + (3 + 4 - 1). Let t(a) = 5*a**2 - 13*a + 13. Let g(q) = 9*q**2 - 25*q + 25. Let m(j) = -4*g(j) + 7*t(j). Determine m(p).
9
Let h(o) = -o - 2. Let n(u) = -u**2 - u - 1. Let k(m) = h(m) - 2*n(m). Let g be (-1)/5 - (-3)/15. Let v = 1 - g. What is k(v)?
3
Let k be 9/(-2 + (-4)/(-4)). Let u = k - -13. Let c(t) = 2*t - 2. Determine c(u).
6
Let q(j) = -2*j - 5. Let n(g) = 2*g + 4. Let d(l) = 3*n(l) + 2*q(l). Suppose -5*i + h - 15 = -4*h, h = 0. Let s be -2*(1 - i/2). Calculate d(s).
-8
Let t(h) be the first derivative of -4*h**2 + 2*h + 12. Calculate t(2).
-14
Let s(f) = -3*f**2 + 2*f + 1. Let q(b) be the first derivative of 1/4*b**4 + 0*b**3 - b + 1/2*b**2 + 1. Let z be q(0). What is s(z)?
-4
Let y(v) be the second derivative of -3*v**3/2 + 2*v. Suppose 3 = -o + 4. What is y(o)?
-9
Let n(o) = -2*o - 2. Suppose 0 = j + 3*p + 9, -3*j + 5*p = -2 + 15. Calculate n(j).
10
Let j(l) = l**2 + 3*l + 3. Suppose 0 + 4 = -a. Calculate j(a).
7
Let p(u) = u**3 + u**2. Let a(b) = 2*b - 4. Let q be a(5). Let g = 18 - q. Suppose 3*x + 4*r = 2*r - g, 4*r + 2 = 5*x. What is p(x)?
-4
Let q(y) = -y**2 + 9*y. Let i be q(8). Let a(t) = t + t**2 - 3 - 8*t**2 + i*t**2 - 2*t. What is a(0)?
-3
Let i(g) be the second derivative of -g**5/20 - g**4/3 - 5*g**3/6 - g**2 - g. Let j = -5 - -9. Suppose -j*k - 3 = -3*k. Calculate i(k).
4
Let o(x) = -x - 4. Let f be o(-6). Suppose 0 = s - 0 - 4. Let m(a) = s - 1 + 3 - f + a. Give m(-4).
0
Let q be 80/(-15)*(-6)/4. Let p(h) = h**2 - 10*h + 10. Determine p(q).
-6
Suppose 7*z - 25 = 2*z. Let m(h) = -h**3 + 3*h**2 + 4*h + 3. Let o be m(4). Let l(c) = -3 + 3*c - c - o + 1. What is l(z)?
5
Let b(h) = -h. Let g be (-6)/(-9)*6/4. Let q = g + 0. Let t(a) = -7*a + 2. Let r(x) = q*t(x) - 2*b(x). Give r(2).
-8
Let k(o) = 0 - 4 + o + 10 + 1. Calculate k(6).
13
Let f be (1 + 24/(-15))*-5. Let x = -6 - -6. Let q be (x/(-1))/f + -3. Let k(s) = s**3 + 2*s**2 - 2*s + 3. Calculate k(q).
0
Suppose 4*y - 16 = -3*w, 22 = 5*w + 2. Let z(a) = -12*a + 1. Calculate z(y).
-11
Suppose v - 2*r = 6, 5*v - 3*r - 10 = 2*r. Let z(l) = l**2 + 3*l + 2. Let y(f) = -f - 1. Let a(h) = v*y(h) - z(h). Determine a(-2).
-2
Let c(i) = -i**2 - 4*i + 5. Let f be c(-5). Suppose -t = -4*t + 6. Let y(x) = -1 - 5 + x**2 + 0*x**t + x. Calculat